r when 187567 is divided by 62318?
613
Calculate the remainder when 137966693 is divided by 14.
11
What is the remainder when 249802 is divided by 201?
160
What is the remainder when 32264793 is divided by 4435?
168
What is the remainder when 6456432 is divided by 75?
57
Calculate the remainder when 630130 is divided by 10864.
18
What is the remainder when 128104 is divided by 12808?
24
Calculate the remainder when 13861322 is divided by 1766.
1754
Calculate the remainder when 4092097 is divided by 73073.
9
What is the remainder when 2848884 is divided by 2758?
2628
Calculate the remainder when 21246 is divided by 10427.
392
What is the remainder when 343700 is divided by 9544?
116
What is the remainder when 119885 is divided by 2450?
2285
What is the remainder when 3339771 is divided by 68?
19
Calculate the remainder when 310836 is divided by 547.
140
What is the remainder when 174211014 is divided by 19?
14
Calculate the remainder when 470660 is divided by 5128.
4012
What is the remainder when 2139607 is divided by 24?
7
Calculate the remainder when 11971833 is divided by 1800.
33
What is the remainder when 718210 is divided by 13?
12
What is the remainder when 2182450 is divided by 545605?
30
What is the remainder when 205685 is divided by 1721?
886
Calculate the remainder when 21920023 is divided by 21920000.
23
Calculate the remainder when 4654730 is divided by 2149.
2145
Calculate the remainder when 1184294 is divided by 3820.
94
Calculate the remainder when 49207 is divided by 451.
48
What is the remainder when 6989662 is divided by 4794?
10
What is the remainder when 1486395 is divided by 234?
27
What is the remainder when 7541110 is divided by 942635?
30
Calculate the remainder when 332545 is divided by 3148.
2005
Calculate the remainder when 1631043 is divided by 716.
711
What is the remainder when 57886 is divided by 36?
34
What is the remainder when 278467650 is divided by 77?
76
Calculate the remainder when 200347 is divided by 1473.
19
Calculate the remainder when 59636836 is divided by 8519532.
112
Calculate the remainder when 131279596 is divided by 737.
734
Calculate the remainder when 6223462 is divided by 4758.
4756
Calculate the remainder when 215867 is divided by 1358.
1303
What is the remainder when 82990 is divided by 7144?
4406
What is the remainder when 220116 is divided by 2145?
1326
What is the remainder when 65108 is divided by 31906?
1296
Calculate the remainder when 45024 is divided by 22423.
178
Calculate the remainder when 157408 is divided by 157394.
14
Calculate the remainder when 80586484 is divided by 3838.
3836
Calculate the remainder when 289529 is divided by 18754.
8219
What is the remainder when 67804 is divided by 9586?
702
Calculate the remainder when 666819 is divided by 3049.
2137
Calculate the remainder when 12595048 is divided by 166.
130
What is the remainder when 119534 is divided by 369?
347
What is the remainder when 26626473 is divided by 366?
339
Calculate the remainder when 149544919 is divided by 89.
88
Calculate the remainder when 1394676 is divided by 2790.
2466
What is the remainder when 7165 is divided by 3509?
147
Calculate the remainder when 2130441 is divided by 93.
90
Calculate the remainder when 55550 is divided by 18412.
314
What is the remainder when 557869 is divided by 94?
73
What is the remainder when 59018 is divided by 761?
421
What is the remainder when 2669644 is divided by 1820?
1524
Calculate the remainder when 250578 is divided by 1.
0
What is the remainder when 516675 is divided by 4875?
4800
Calculate the remainder when 1446746 is divided by 213.
50
Calculate the remainder when 9718893 is divided by 39189.
21
What is the remainder when 1922788 is divided by 961383?
22
Calculate the remainder when 35084780 is divided by 112.
108
What is the remainder when 319573 is divided by 159589?
395
Calculate the remainder when 1628583 is divided by 203569.
31
What is the remainder when 56067964 is divided by 6792?
4
What is the remainder when 137544 is divided by 19167?
3375
Calculate the remainder when 1500021 is divided by 374946.
237
Calculate the remainder when 730660 is divided by 1602.
148
What is the remainder when 48059 is divided by 3203?
14
What is the remainder when 8422419 is divided by 55?
49
What is the remainder when 3003723 is divided by 641?
638
What is the remainder when 3787228 is divided by 270515?
18
Calculate the remainder when 218341 is divided by 1262.
15
What is the remainder when 230954 is divided by 251?
34
Calculate the remainder when 6996094 is divided by 76.
66
What is the remainder when 103687 is divided by 103662?
25
What is the remainder when 69825406 is divided by 23275098?
112
Calculate the remainder when 315751 is divided by 249.
19
What is the remainder when 451028 is divided by 150340?
8
What is the remainder when 716004 is divided by 119331?
18
What is the remainder when 94485 is divided by 31300?
585
Calculate the remainder when 29211645 is divided by 3457.
3452
What is the remainder when 2865882 is divided by 1025?
1007
What is the remainder when 3325625 is divided by 6719?
6439
What is the remainder when 8354400 is divided by 94?
56
What is the remainder when 887214 is divided by 1785?
69
What is the remainder when 2357508 is divided by 99?
21
What is the remainder when 11370581 is divided by 6908?
13
What is the remainder when 26233755 is divided by 94366?
7
What is the remainder when 8112511 is divided by 1835?
1811
Calculate the remainder when 4895553 is divided by 43.
3
Calculate the remainder when 51790220 is divided by 3428.
3424
What is the remainder when 78672 is divided by 78338?
334
What is the remainder when 200556 is divided by 95960?
8636
What is the remainder when 255379109 is divided by 14?
13
Calculate the remainder when 47257 is divided by 46353.
904
Calculate the remainder when 20217177 is divided by 191.
18
Calculate the remainder when 135437 is divided by 65984.
3469
What is the remainder when 23319826 is divided by 3191?
3189
What is the remainder when 186455 is divided by 65?
35
What is the remainder when 432753 is divided by 3304?
3233
Calculate the remainder when 27805 is divided by 2733.
475
Calculate the remainder when 60664446 is divided by 2391.
2385
What is the remainder when 618442 is divided by 387?
16
Calculate the remainder when 5007411 is divided by 4724.
4695
What is the remainder when 13940946 is divided by 1664?
1618
Calculate the remainder when 53873642 is divided by 14424.
2
Calculate the remainder when 4611371 is divided by 2305610.
151
Calculate the remainder when 36671 is divided by 2598.
299
What is the remainder when 165669 is divided by 165494?
175
What is the remainder when 22321217 is divided by 2123?
2118
What is the remainder when 1906956 is divided by 27242?
16
What is the remainder when 107583 is divided by 107513?
70
What is the remainder when 1485389 is divided by 2615?
69
Calculate the remainder when 1300891 is divided by 43348.
451
Calculate the remainder when 62602 is divided by 62533.
69
What is the remainder when 1504699 is divided by 96?
91
Calculate the remainder when 1666019 is divided by 20567.
92
Calculate the remainder when 10930255 is divided by 5465115.
25
Calculate the remainder when 7385743 is divided by 22937.
29
What is the remainder when 352222 is divided by 22007?
110
Calculate the remainder when 57283314 is divided by 23.
20
Calculate the remainder when 2148131 is divided by 357.
62
Calculate the remainder when 268555 is divided by 37.
9
What is the remainder when 433096 is divided by 1644?
724
Calculate the remainder when 1414895 is divided by 352677.
4187
What is the remainder when 11688747 is divided by 283?
281
Calculate the remainder when 20971170 is divided by 2922.
2898
Calculate the remainder when 6966204 is divided by 910.
154
Calculate the remainder when 8027002 is divided by 573356.
18
What is the remainder when 91167 is divided by 2587?
622
What is the remainder when 28894058 is divided by 7223514?
2
Calculate the remainder when 76435 is divided by 25262.
649
What is the remainder when 3873508 is divided by 119?
58
Calculate the remainder when 3088898 is divided by 43.
36
What is the remainder when 29532 is divided by 14700?
132
What is the remainder